
What is the highest common divisor of 1075 and 37711?
43
What is the highest common divisor of 13240 and 280?
40
What is the greatest common factor of 72379 and 5?
1
What is the greatest common factor of 9991 and 206?
103
What is the greatest common factor of 117636 and 18?
6
Calculate the greatest common divisor of 976320 and 40.
40
Calculate the highest common factor of 18085 and 10.
5
What is the greatest common divisor of 486 and 1477926?
486
Calculate the highest common divisor of 4170 and 7923.
417
What is the highest common factor of 225 and 230400?
225
Calculate the highest common factor of 801 and 5162.
89
Calculate the highest common factor of 22 and 6170120.
22
What is the highest common divisor of 57524 and 3152?
788
What is the highest common divisor of 4313 and 24743?
227
What is the highest common factor of 1477480 and 120?
40
What is the greatest common factor of 511 and 12483?
73
Calculate the highest common factor of 4728 and 86483.
197
Calculate the highest common factor of 55463 and 37.
37
What is the highest common factor of 370320 and 240?
240
Calculate the highest common divisor of 312 and 2418.
78
Calculate the highest common factor of 4700 and 2200.
100
What is the greatest common factor of 164 and 93562?
82
Calculate the highest common divisor of 288940 and 20.
20
Calculate the highest common factor of 19097 and 91.
13
What is the highest common factor of 1248319 and 19?
19
Calculate the greatest common factor of 9 and 167409.
9
What is the greatest common factor of 172 and 85957?
43
What is the greatest common divisor of 587481 and 93?
93
Calculate the highest common factor of 35 and 212065.
35
What is the highest common divisor of 2140 and 312660?
20
What is the greatest common divisor of 10 and 12340?
10
What is the highest common divisor of 4380 and 10074?
438
What is the greatest common factor of 36 and 117596?
4
What is the highest common factor of 518 and 2996?
14
What is the highest common divisor of 4118 and 53186?
58
What is the highest common factor of 6672600 and 44?
44
Calculate the highest common factor of 389445 and 105.
105
What is the highest common factor of 555 and 25197?
111
What is the greatest common divisor of 413 and 707?
7
Calculate the highest common factor of 12150 and 16650.
450
What is the highest common divisor of 596740 and 40?
20
Calculate the highest common divisor of 49172 and 380.
76
Calculate the greatest common divisor of 17908 and 704.
44
What is the highest common factor of 85 and 198203?
17
What is the highest common divisor of 858610 and 20?
10
Calculate the highest common factor of 189 and 2877.
21
Calculate the greatest common divisor of 264 and 377751.
33
What is the highest common divisor of 2722612 and 804?
268
What is the highest common factor of 140480 and 40?
40
Calculate the highest common divisor of 102 and 22710.
6
Calculate the highest common factor of 240 and 13815.
15
Calculate the highest common factor of 316600 and 100.
100
Calculate the highest common factor of 316124 and 64.
4
What is the greatest common divisor of 548 and 2194740?
548
Calculate the greatest common factor of 1075009 and 13.
13
What is the highest common factor of 258 and 656653?
43
Calculate the greatest common divisor of 940 and 4293356.
188
Calculate the highest common divisor of 267 and 73247.
89
Calculate the highest common factor of 784 and 2317840.
112
What is the greatest common factor of 82 and 240137?
41
Calculate the highest common factor of 3633 and 8029.
7
What is the greatest common divisor of 145824 and 2418?
186
Calculate the highest common factor of 1326 and 680.
34
Calculate the greatest common factor of 74235 and 1470.
735
Calculate the greatest common divisor of 237633 and 88.
11
What is the highest common factor of 408 and 8823?
51
Calculate the greatest common factor of 1516 and 10616548.
1516
Calculate the highest common factor of 561196 and 6140.
1228
What is the greatest common factor of 83045 and 255?
85
What is the highest common factor of 7 and 337036?
7
Calculate the highest common divisor of 1625 and 309725.
325
What is the highest common factor of 17050 and 77?
11
What is the highest common factor of 3496 and 10120?
184
Calculate the highest common divisor of 11790 and 175278.
786
Calculate the highest common divisor of 1482 and 249470.
494
What is the highest common divisor of 892 and 17617?
223
What is the highest common divisor of 490 and 2607045?
245
Calculate the greatest common divisor of 1402250 and 125.
125
Calculate the greatest common divisor of 14604 and 228.
12
Calculate the highest common factor of 828 and 18.
18
Calculate the greatest common factor of 66900 and 75.
75
What is the greatest common divisor of 14 and 38?
2
What is the highest common factor of 5 and 8593?
1
Calculate the greatest common factor of 150156 and 1552.
388
Calculate the greatest common factor of 39231 and 459.
27
Calculate the highest common factor of 57944 and 24.
8
What is the highest common divisor of 363 and 514613?
121
Calculate the greatest common divisor of 8917 and 30125.
241
What is the greatest common divisor of 143022 and 1023?
33
Calculate the highest common divisor of 204 and 69513.
51
Calculate the highest common factor of 7747 and 17907.
127
Calculate the highest common divisor of 836694 and 6923.
989
Calculate the highest common factor of 52428 and 3.
3
What is the highest common divisor of 420 and 43085?
35
What is the greatest common divisor of 25283 and 10229?
193
What is the highest common factor of 839821 and 62?
31
What is the highest common divisor of 18816 and 640?
128
Calculate the highest common divisor of 84 and 9636.
12
What is the greatest common factor of 941021 and 232?
29
What is the highest common divisor of 487728 and 9?
9
Calculate the highest common divisor of 434304 and 26.
26
Calculate the greatest common factor of 47888 and 27388.
164
Calculate the greatest common factor of 1599490 and 826.
118
Calculate the highest common divisor of 569940 and 6720.
420
Calculate the greatest common divisor of 245 and 31430.
35
Calculate the highest common factor of 6575 and 2725995.
1315
What is the greatest common factor of 2263 and 48107?
73
Calculate the greatest common divisor of 360 and 23265.
45
Calculate the greatest common factor of 3008 and 139684.
188
Calculate the highest common factor of 886578 and 77.
77
What is the highest common factor of 18516 and 48?
12
What is the highest common divisor of 136765 and 11645?
85
Calculate the highest common divisor of 4494 and 3803422.
1498
Calculate the greatest common factor of 3730149 and 27.
9
What is the greatest common factor of 9017 and 2159?
127
Calculate the highest common divisor of 98637 and 196.
49
What is the greatest common factor of 74 and 231583?
37
Calculate the highest common factor of 125 and 90875.
125
Calculate the greatest common divisor of 184 and 90704.
8
What is the greatest common factor of 390 and 808782?
78
Calculate the greatest common factor of 37 and 357827.
37
Calculate the greatest common factor of 20472 and 72.
24
What is the highest common divisor of 105064 and 920?
184
What is the highest common factor of 184 and 13478?
46
Calculate the greatest common divisor of 320 and 17580.
20
What is the highest common divisor of 1242 and 4374?
54
Calculate the highest common divisor of 200000 and 192.
64
Calculate the highest common factor of 474 and 444.
6
What is the highest common factor of 51510 and 17?
17
What is the greatest common factor of 369 and 23739?
123
Calculate the greatest common divisor of 3780 and 28035.
315
What is the highest common factor of 80 and 19870?
10
Calculate the highest common factor of 2568 and 2904.
24
Calculate the greatest common factor of 63243 and 18.
9
Calculate the greatest common divisor of 1491855 and 1084.
271
Calculate the greatest common factor of 24360 and 5655.
435
What is the greatest common factor of 6119 and 10339?
211
What is the highest common divisor of 53823 and 49?
7
Calculate the greatest common divisor of 4945 and 10320.
215
What is the greatest common factor of 98425 and 14725?
775
What is the greatest common factor of 1874192 and 4592?
656
Calculate the greatest common divisor of 211810 and 1180.
590
Calculate the gre